mber?
True
Is 16406962931 prime?
False
Is 1444988549 prime?
True
Is 6985720567 prime?
False
Is 345846581 prime?
True
Is 23445991 a prime number?
True
Is 4725971581 composite?
False
Is 2285168043 prime?
False
Is 16858317767 a prime number?
False
Is 17471895979 composite?
True
Is 319423417 composite?
True
Is 18295983989 prime?
True
Is 21084358377 composite?
True
Is 37333058429 a prime number?
True
Is 19818945211 a prime number?
False
Is 9932725799 a prime number?
True
Is 19412597 composite?
True
Is 3005198591 a composite number?
True
Is 207054705563 composite?
True
Is 105218786071 prime?
False
Is 148095372707 composite?
True
Is 753803731 prime?
False
Is 2297289869 a prime number?
False
Is 807498931 a prime number?
True
Is 766107281 prime?
True
Is 12451150529 composite?
False
Is 218873959 a prime number?
False
Is 4061201 a prime number?
False
Is 73842895457 composite?
False
Is 44816841317 composite?
False
Is 30615002713 prime?
False
Is 662064061 prime?
False
Is 2797353151 a composite number?
True
Is 219794177 composite?
False
Is 1991832763 a prime number?
False
Is 30671707517 a prime number?
False
Is 40239936263 composite?
False
Is 2181130159 a prime number?
False
Is 5467178 prime?
False
Is 12631454047 composite?
False
Is 398316077 a composite number?
True
Is 817094539 composite?
True
Is 1677412391 a composite number?
True
Is 8382806879 a prime number?
False
Is 1592758729 a prime number?
True
Is 2292287677 composite?
True
Is 44002061294 composite?
True
Is 27433975055 composite?
True
Is 2610663697 composite?
False
Is 49192028057 prime?
False
Is 819768613 a prime number?
False
Is 600437583485 a prime number?
False
Is 1412531009 prime?
True
Is 3296724391 a composite number?
True
Is 15919469 a composite number?
False
Is 5911895863 composite?
True
Is 10875975847 a prime number?
False
Is 28841417674 a prime number?
False
Is 24670258819 composite?
True
Is 55474476809 composite?
False
Is 51118272091 a composite number?
False
Is 411080339 prime?
True
Is 1771727227 a composite number?
False
Is 2205187535 a composite number?
True
Is 1634896567 composite?
True
Is 62353316353 composite?
True
Is 4275900637 composite?
True
Is 591580529 a prime number?
True
Is 1202860139 a composite number?
True
Is 43921472311 composite?
False
Is 386568397 a prime number?
False
Is 153077713 prime?
False
Is 14166462173 prime?
True
Is 324272243 prime?
False
Is 1948998433 a composite number?
False
Is 10168172823 prime?
False
Is 4442700557 prime?
True
Is 1445948027 prime?
True
Is 2699310039 a prime number?
False
Is 1614228197 a prime number?
False
Is 343276651 prime?
False
Is 20893123309 composite?
False
Is 372001823 prime?
True
Is 213610993 prime?
True
Is 168468164903 a prime number?
False
Is 234110819 prime?
True
Is 985924657 a composite number?
False
Is 1002318607 composite?
False
Is 534919401022 prime?
False
Is 9155120857 a prime number?
False
Is 5177925035 composite?
True
Is 22462454009 a composite number?
False
Is 735960769 a prime number?
True
Is 149021876697 composite?
True
Is 410998207 composite?
False
Is 2637445039 a prime number?
False
Is 1338037895 a composite number?
True
Is 25116055987 a prime number?
False
Is 4476647911 composite?
True
Is 2252185451 composite?
False
Is 2812061317 composite?
True
Is 170988868879 a prime number?
False
Is 3887052077 a composite number?
False
Is 143293082563 prime?
True
Is 3975493199 composite?
True
Is 7953159641 prime?
False
Is 23595392921 prime?
True
Is 1771745453 a prime number?
False
Is 1056038209 prime?
False
Is 14915457367 composite?
False
Is 31090523141 composite?
True
Is 16988050049 prime?
False
Is 673950219 composite?
True
Is 21345118339 a composite number?
True
Is 59210863 prime?
False
Is 26136109589 prime?
True
Is 853355843 composite?
True
Is 1631672209 prime?
True
Is 16135490779 a composite number?
False
Is 5942332189 prime?
True
Is 4103570473 composite?
False
Is 47799669023 prime?
True
Is 2806693293 prime?
False
Is 342052063 a composite number?
False
Is 203208949 composite?
True
Is 10976016791 a composite number?
False
Is 854491457 a composite number?
False
Is 1255903039 a prime number?
False
Is 225248197547 a composite number?
False
Is 159961037 prime?
True
Is 21493206703 composite?
False
Is 6965968721 prime?
True
Is 186532733 a composite number?
True
Is 805659947 prime?
False
Is 84370066283 composite?
False
Is 788335109 prime?
True
Is 10698782981 prime?
True
Is 22624467947 a prime number?
False
Is 41544238993 composite?
False
Is 3743587361 a prime number?
False
Is 167374783 a prime number?
True
Is 807912659 a composite number?
True
Is 383189953 a composite number?
False
Is 1362139 a prime number?
False
Is 18225351679 a composite number?
False
Is 22208317919 a composite number?
False
Is 1365871553 prime?
True
Is 55174512649 a composite number?
False
Is 9574359089 a prime number?
True
Is 417892063 a composite number?
False
Is 6272657871 a composite number?
True
Is 86884771279 a composite number?
False
Is 327347291 a prime number?
False
Is 16914425071 a composite number?
False
Is 70861692593 composite?
False
Is 203325245 composite?
True
Is 6350996537 a prime number?
True
Is 660955199 composite?
True
Is 1269282113 composite?
True
Is 308485951 a prime number?
True
Is 6296529193 prime?
True
Is 9862929227 a prime number?
True
Is 136171043 prime?
False
Is 6963848971 a prime number?
True
Is 2690271791 prime?
False
Is 85140690653 a composite number?
True
Is 1443742343 prime?
True
Is 5963803799 prime?
False
Is 14859400427 a prime number?
True
Is 1723547303 a composite number?
True
Is 13604078573 prime?
True
Is 9670201201 composite?
False
Is 155801725129 composite?
False
Is 828538481 prime?
True
Is 625011823 a composite number?
False
Is 172485495043 composite?
False
Is 12204820393 prime?
True
Is 7564590191 composite?
False
Is 24271985189 a composite number?
False
Is 58543624411 a prime number?
False
Is 107341001 a prime number?
False
Is 206858321 a prime number?
False
Is 4865934019 composite?
True
Is 376822713 composite?
True
Is 230545351 prime?
True
Is 590807587 prime?
True
Is 156966935 composite?
True
Is 5230792109 composite?
False
Is 25811290207 a composite number?
True
Is 460769443 a composite number?
False
Is 3301620089 composite?
True
Is 97209343766 prime?
False
Is 90548261 a prime number?
True
Is 5684549033 a composite number?
True
Is 6867402197 composite?
False
Is 727787453 prime?
True
Is 30270638023 composite?
False
Is 22126853 a composite number?
True
Is 807844307 composite?
False
Is 532010894 composite?
True
Is 2680258303 a composite number?
True
Is 28699091 a prime number?
True
Is 178386251 a composite number?
False
Is 384960229 a prime number?
True
Is 215604751 a composite number?
False
Is 247967353 a composite number?
True
Is 17902870967 a composite number?
False
Is 2167113721 a composite number?
False
Is 930010931 a composite number?
True
Is 10005349357 prime?
True
Is 79247209 prime?
True
Is 5965234949 a composite number?
True
Is 11160675557 a prime number?
True
Is 14185234781 a composite number?
False
Is 14143439 a prime number?
False
Is 23287599619 composite?
True
Is 472486309 a prime number?
False
Is 10337827559 a composite number?
True
Is 3848543167 a prime number?
False
Is 717595897 a composite number?
False
Is 850796185 a composite number?
True
Is 51187361 composite?
True
Is 15910010021 a composite number?
False
Is 79803994243 prime?
False
Is 4711599227 a prime number?
True
Is 1563145709 a composite number?
True
Is 6736790999 a composite number?
False
Is 64859591787 a prime number?
False
Is 309908368151 a prime number?
True
Is 52358152727 a prime number?
True
Is 63379433197 a prime number?
True
Is 6906816431 prime?
False
Is 392165302 prime?
False
Is 123268877 a composite number?
True
Is 3887686397 composite?
True
Is 177520823201 a prime number?
True
Is 45883038874 composite?
True
Is 21070895863 composite?
False
Is 7126666621 a prime number?
True
Is 369385087 prime?
True
Is 127607069 prime?
False
Is 151784194465 composite?
True
Is 182720801 a composite number?
False
Is 72164492773 a prime number?
True
Is 1307042683 prime?
True
Is 591995561 composite?
True
Is 789480403 a composite number?
False
Is 8101092343 a prime number?
True
Is 6290793361 a prime number?
False
Is 7206209063 composite?
False
Is 27940831873 pr